{"id":31781,"date":"2025-05-07T10:52:02","date_gmt":"2025-05-07T08:52:02","guid":{"rendered":"https:\/\/www.estonianspas.eu\/wp-content\/uploads\/2025\/05\/spaa-saun-naised-vee-all-450-360x220-1.jpg"},"modified":"2025-05-07T10:52:02","modified_gmt":"2025-05-07T08:52:02","slug":"spaa-saun-naised-vee-all-450-360x220-2","status":"inherit","type":"attachment","link":"https:\/\/www.estonianspas.eu\/lv\/spaa-saun-naised-vee-all-450-360x220-2\/","title":{"rendered":"spaa-saun-naised-vee-all-450-360&#215;220"},"author":27,"featured_media":0,"comment_status":"open","ping_status":"closed","template":"","meta":{"_acf_changed":false},"acf":[],"yoast_head":"<!-- This site is optimized with the Yoast SEO plugin v22.8 - https:\/\/yoast.com\/wordpress\/plugins\/seo\/ -->\n<title>spaa-saun-naised-vee-all-450-360x220 - Igaunijas k\u016brorta un rehabilit\u0101cijas \u0101rst\u0113\u0161anas asoci\u0101cin<\/title>\n<meta name=\"robots\" content=\"index, follow, max-snippet:-1, max-image-preview:large, max-video-preview:-1\" \/>\n<link rel=\"canonical\" href=\"https:\/\/www.estonianspas.eu\/wp-content\/uploads\/2025\/05\/spaa-saun-naised-vee-all-450-360x220-1.jpg\" \/>\n<meta property=\"og:locale\" content=\"lv_LV\" \/>\n<meta property=\"og:type\" content=\"article\" \/>\n<meta property=\"og:title\" content=\"spaa-saun-naised-vee-all-450-360x220 - Igaunijas k\u016brorta un rehabilit\u0101cijas \u0101rst\u0113\u0161anas asoci\u0101cin\" \/>\n<meta property=\"og:url\" content=\"https:\/\/www.estonianspas.eu\/wp-content\/uploads\/2025\/05\/spaa-saun-naised-vee-all-450-360x220-1.jpg\" \/>\n<meta property=\"og:site_name\" content=\"Igaunijas k\u016brorta un rehabilit\u0101cijas \u0101rst\u0113\u0161anas asoci\u0101cin\" \/>\n<meta property=\"og:image\" content=\"https:\/\/www.estonianspas.eu\/wp-content\/uploads\/2025\/05\/spaa-saun-naised-vee-all-450-360x220-1.jpg\" \/>\n\t<meta property=\"og:image:width\" content=\"360\" \/>\n\t<meta property=\"og:image:height\" content=\"220\" \/>\n\t<meta property=\"og:image:type\" content=\"image\/jpeg\" \/>\n<script type=\"application\/ld+json\" class=\"yoast-schema-graph\">{\"@context\":\"https:\/\/schema.org\",\"@graph\":[{\"@type\":\"WebPage\",\"@id\":\"https:\/\/www.estonianspas.eu\/wp-content\/uploads\/2025\/05\/spaa-saun-naised-vee-all-450-360x220-1.jpg\",\"url\":\"https:\/\/www.estonianspas.eu\/wp-content\/uploads\/2025\/05\/spaa-saun-naised-vee-all-450-360x220-1.jpg\",\"name\":\"spaa-saun-naised-vee-all-450-360x220 - Igaunijas k\u016brorta un rehabilit\u0101cijas \u0101rst\u0113\u0161anas asoci\u0101cin\",\"isPartOf\":{\"@id\":\"https:\/\/www.estonianspas.eu\/#website\"},\"datePublished\":\"2025-05-07T08:52:02+00:00\",\"dateModified\":\"2025-05-07T08:52:02+00:00\",\"breadcrumb\":{\"@id\":\"https:\/\/www.estonianspas.eu\/wp-content\/uploads\/2025\/05\/spaa-saun-naised-vee-all-450-360x220-1.jpg#breadcrumb\"},\"inLanguage\":\"lv-LV\",\"potentialAction\":[{\"@type\":\"ReadAction\",\"target\":[\"https:\/\/www.estonianspas.eu\/wp-content\/uploads\/2025\/05\/spaa-saun-naised-vee-all-450-360x220-1.jpg\"]}]},{\"@type\":\"BreadcrumbList\",\"@id\":\"https:\/\/www.estonianspas.eu\/wp-content\/uploads\/2025\/05\/spaa-saun-naised-vee-all-450-360x220-1.jpg#breadcrumb\",\"itemListElement\":[{\"@type\":\"ListItem\",\"position\":1,\"name\":\"Avaleht\",\"item\":\"https:\/\/www.estonianspas.eu\/lv\/\"},{\"@type\":\"ListItem\",\"position\":2,\"name\":\"spaa-saun-naised-vee-all-450-360&#215;220\"}]},{\"@type\":\"WebSite\",\"@id\":\"https:\/\/www.estonianspas.eu\/#website\",\"url\":\"https:\/\/www.estonianspas.eu\/\",\"name\":\"Igaunijas k\u016brorta un rehabilit\u0101cijas \u0101rst\u0113\u0161anas asoci\u0101cin\",\"description\":\"Eesti Spaaliit\",\"potentialAction\":[{\"@type\":\"SearchAction\",\"target\":{\"@type\":\"EntryPoint\",\"urlTemplate\":\"https:\/\/www.estonianspas.eu\/?s={search_term_string}\"},\"query-input\":\"required name=search_term_string\"}],\"inLanguage\":\"lv-LV\"}]}<\/script>\n<!-- \/ Yoast SEO plugin. -->","yoast_head_json":{"title":"spaa-saun-naised-vee-all-450-360x220 - Igaunijas k\u016brorta un rehabilit\u0101cijas \u0101rst\u0113\u0161anas asoci\u0101cin","robots":{"index":"index","follow":"follow","max-snippet":"max-snippet:-1","max-image-preview":"max-image-preview:large","max-video-preview":"max-video-preview:-1"},"canonical":"https:\/\/www.estonianspas.eu\/wp-content\/uploads\/2025\/05\/spaa-saun-naised-vee-all-450-360x220-1.jpg","og_locale":"lv_LV","og_type":"article","og_title":"spaa-saun-naised-vee-all-450-360x220 - Igaunijas k\u016brorta un rehabilit\u0101cijas \u0101rst\u0113\u0161anas asoci\u0101cin","og_url":"https:\/\/www.estonianspas.eu\/wp-content\/uploads\/2025\/05\/spaa-saun-naised-vee-all-450-360x220-1.jpg","og_site_name":"Igaunijas k\u016brorta un rehabilit\u0101cijas \u0101rst\u0113\u0161anas asoci\u0101cin","og_image":[{"width":360,"height":220,"url":"https:\/\/www.estonianspas.eu\/wp-content\/uploads\/2025\/05\/spaa-saun-naised-vee-all-450-360x220-1.jpg","type":"image\/jpeg"}],"schema":{"@context":"https:\/\/schema.org","@graph":[{"@type":"WebPage","@id":"https:\/\/www.estonianspas.eu\/wp-content\/uploads\/2025\/05\/spaa-saun-naised-vee-all-450-360x220-1.jpg","url":"https:\/\/www.estonianspas.eu\/wp-content\/uploads\/2025\/05\/spaa-saun-naised-vee-all-450-360x220-1.jpg","name":"spaa-saun-naised-vee-all-450-360x220 - Igaunijas k\u016brorta un rehabilit\u0101cijas \u0101rst\u0113\u0161anas asoci\u0101cin","isPartOf":{"@id":"https:\/\/www.estonianspas.eu\/#website"},"datePublished":"2025-05-07T08:52:02+00:00","dateModified":"2025-05-07T08:52:02+00:00","breadcrumb":{"@id":"https:\/\/www.estonianspas.eu\/wp-content\/uploads\/2025\/05\/spaa-saun-naised-vee-all-450-360x220-1.jpg#breadcrumb"},"inLanguage":"lv-LV","potentialAction":[{"@type":"ReadAction","target":["https:\/\/www.estonianspas.eu\/wp-content\/uploads\/2025\/05\/spaa-saun-naised-vee-all-450-360x220-1.jpg"]}]},{"@type":"BreadcrumbList","@id":"https:\/\/www.estonianspas.eu\/wp-content\/uploads\/2025\/05\/spaa-saun-naised-vee-all-450-360x220-1.jpg#breadcrumb","itemListElement":[{"@type":"ListItem","position":1,"name":"Avaleht","item":"https:\/\/www.estonianspas.eu\/lv\/"},{"@type":"ListItem","position":2,"name":"spaa-saun-naised-vee-all-450-360&#215;220"}]},{"@type":"WebSite","@id":"https:\/\/www.estonianspas.eu\/#website","url":"https:\/\/www.estonianspas.eu\/","name":"Igaunijas k\u016brorta un rehabilit\u0101cijas \u0101rst\u0113\u0161anas asoci\u0101cin","description":"Eesti Spaaliit","potentialAction":[{"@type":"SearchAction","target":{"@type":"EntryPoint","urlTemplate":"https:\/\/www.estonianspas.eu\/?s={search_term_string}"},"query-input":"required name=search_term_string"}],"inLanguage":"lv-LV"}]}},"description":{"rendered":"<p class=\"attachment\"><a href='https:\/\/www.estonianspas.eu\/wp-content\/uploads\/2025\/05\/spaa-saun-naised-vee-all-450-360x220-1.jpg'><img loading=\"lazy\" decoding=\"async\" width=\"300\" height=\"183\" src=\"https:\/\/www.estonianspas.eu\/wp-content\/uploads\/2025\/05\/spaa-saun-naised-vee-all-450-360x220-1-300x183.jpg\" class=\"attachment-medium size-medium\" alt=\"\" srcset=\"https:\/\/www.estonianspas.eu\/wp-content\/uploads\/2025\/05\/spaa-saun-naised-vee-all-450-360x220-1-300x183.jpg 300w, https:\/\/www.estonianspas.eu\/wp-content\/uploads\/2025\/05\/spaa-saun-naised-vee-all-450-360x220-1.jpg 360w\" sizes=\"(max-width: 300px) 100vw, 300px\" \/><\/a><\/p>\n"},"caption":{"rendered":""},"alt_text":"","media_type":"image","mime_type":"image\/jpeg","media_details":{"width":360,"height":220,"file":"2025\/05\/spaa-saun-naised-vee-all-450-360x220-1.jpg","filesize":71467,"sizes":{"medium":{"file":"spaa-saun-naised-vee-all-450-360x220-1-300x183.jpg","width":300,"height":183,"filesize":14325,"mime_type":"image\/jpeg","source_url":"https:\/\/www.estonianspas.eu\/wp-content\/uploads\/2025\/05\/spaa-saun-naised-vee-all-450-360x220-1-300x183.jpg"},"thumbnail":{"file":"spaa-saun-naised-vee-all-450-360x220-1-150x150.jpg","width":150,"height":150,"filesize":7023,"mime_type":"image\/jpeg","source_url":"https:\/\/www.estonianspas.eu\/wp-content\/uploads\/2025\/05\/spaa-saun-naised-vee-all-450-360x220-1-150x150.jpg"},"custom_index_thumb":{"file":"spaa-saun-naised-vee-all-450-360x220-1-203x203.jpg","width":203,"height":203,"filesize":11021,"mime_type":"image\/jpeg","source_url":"https:\/\/www.estonianspas.eu\/wp-content\/uploads\/2025\/05\/spaa-saun-naised-vee-all-450-360x220-1-203x203.jpg"},"specials_thumb":{"file":"spaa-saun-naised-vee-all-450-360x220-1-360x170.jpg","width":360,"height":170,"filesize":16159,"mime_type":"image\/jpeg","source_url":"https:\/\/www.estonianspas.eu\/wp-content\/uploads\/2025\/05\/spaa-saun-naised-vee-all-450-360x220-1-360x170.jpg"},"single-mini":{"file":"spaa-saun-naised-vee-all-450-360x220-1-74x74.jpg","width":74,"height":74,"filesize":2516,"mime_type":"image\/jpeg","source_url":"https:\/\/www.estonianspas.eu\/wp-content\/uploads\/2025\/05\/spaa-saun-naised-vee-all-450-360x220-1-74x74.jpg"},"specials_mini_thumb":{"file":"spaa-saun-naised-vee-all-450-360x220-1-190x143.jpg","width":190,"height":143,"filesize":8345,"mime_type":"image\/jpeg","source_url":"https:\/\/www.estonianspas.eu\/wp-content\/uploads\/2025\/05\/spaa-saun-naised-vee-all-450-360x220-1-190x143.jpg"},"full":{"file":"spaa-saun-naised-vee-all-450-360x220-1.jpg","width":360,"height":220,"mime_type":"image\/jpeg","source_url":"https:\/\/www.estonianspas.eu\/wp-content\/uploads\/2025\/05\/spaa-saun-naised-vee-all-450-360x220-1.jpg"}},"image_meta":{"aperture":"0","credit":"","camera":"","caption":"","created_timestamp":"0","copyright":"","focal_length":"0","iso":"0","shutter_speed":"0","title":"","orientation":"0","keywords":[]}},"post":null,"source_url":"https:\/\/www.estonianspas.eu\/wp-content\/uploads\/2025\/05\/spaa-saun-naised-vee-all-450-360x220-1.jpg","_links":{"self":[{"href":"https:\/\/www.estonianspas.eu\/lv\/wp-json\/wp\/v2\/media\/31781"}],"collection":[{"href":"https:\/\/www.estonianspas.eu\/lv\/wp-json\/wp\/v2\/media"}],"about":[{"href":"https:\/\/www.estonianspas.eu\/lv\/wp-json\/wp\/v2\/types\/attachment"}],"author":[{"embeddable":true,"href":"https:\/\/www.estonianspas.eu\/lv\/wp-json\/wp\/v2\/users\/27"}],"replies":[{"embeddable":true,"href":"https:\/\/www.estonianspas.eu\/lv\/wp-json\/wp\/v2\/comments?post=31781"}]}}

<!-- This site is optimized with the Yoast SEO plugin v22.8 - https://yoast.com/wordpress/plugins/seo/ -->
<title>spaa-saun-naised-vee-all-450-360x220 - Igaunijas kūrorta un rehabilitācijas ārstēšanas asociācin</title>
<meta name="robots" content="index, follow, max-snippet:-1, max-image-preview:large, max-video-preview:-1" />
<link rel="canonical" href="https://www.estonianspas.eu/wp-content/uploads/2025/05/spaa-saun-naised-vee-all-450-360x220-1.jpg" />
<meta property="og:locale" content="lv_LV" />
<meta property="og:type" content="article" />
<meta property="og:title" content="spaa-saun-naised-vee-all-450-360x220 - Igaunijas kūrorta un rehabilitācijas ārstēšanas asociācin" />
<meta property="og:url" content="https://www.estonianspas.eu/wp-content/uploads/2025/05/spaa-saun-naised-vee-all-450-360x220-1.jpg" />
<meta property="og:site_name" content="Igaunijas kūrorta un rehabilitācijas ārstēšanas asociācin" />
<meta property="og:image" content="https://www.estonianspas.eu/wp-content/uploads/2025/05/spaa-saun-naised-vee-all-450-360x220-1.jpg" />
	<meta property="og:image:width" content="360" />
	<meta property="og:image:height" content="220" />
	<meta property="og:image:type" content="image/jpeg" />
<script type="application/ld+json" class="yoast-schema-graph">{"@context":"https://schema.org","@graph":[{"@type":"WebPage","@id":"https://www.estonianspas.eu/wp-content/uploads/2025/05/spaa-saun-naised-vee-all-450-360x220-1.jpg","url":"https://www.estonianspas.eu/wp-content/uploads/2025/05/spaa-saun-naised-vee-all-450-360x220-1.jpg","name":"spaa-saun-naised-vee-all-450-360x220 - Igaunijas kūrorta un rehabilitācijas ārstēšanas asociācin","isPartOf":{"@id":"https://www.estonianspas.eu/#website"},"datePublished":"2025-05-07T08:52:02+00:00","dateModified":"2025-05-07T08:52:02+00:00","breadcrumb":{"@id":"https://www.estonianspas.eu/wp-content/uploads/2025/05/spaa-saun-naised-vee-all-450-360x220-1.jpg#breadcrumb"},"inLanguage":"lv-LV","potentialAction":[{"@type":"ReadAction","target":["https://www.estonianspas.eu/wp-content/uploads/2025/05/spaa-saun-naised-vee-all-450-360x220-1.jpg"]}]},{"@type":"BreadcrumbList","@id":"https://www.estonianspas.eu/wp-content/uploads/2025/05/spaa-saun-naised-vee-all-450-360x220-1.jpg#breadcrumb","itemListElement":[{"@type":"ListItem","position":1,"name":"Avaleht","item":"https://www.estonianspas.eu/lv/"},{"@type":"ListItem","position":2,"name":"spaa-saun-naised-vee-all-450-360&#215;220"}]},{"@type":"WebSite","@id":"https://www.estonianspas.eu/#website","url":"https://www.estonianspas.eu/","name":"Igaunijas kūrorta un rehabilitācijas ārstēšanas asociācin","description":"Eesti Spaaliit","potentialAction":[{"@type":"SearchAction","target":{"@type":"EntryPoint","urlTemplate":"https://www.estonianspas.eu/?s={search_term_string}"},"query-input":"required name=search_term_string"}],"inLanguage":"lv-LV"}]}</script>
<!-- / Yoast SEO plugin. -->

spaa-saun-naised-vee-all-450-360x220 - Igaunijas kūrorta un rehabilitācijas ārstēšanas asociācin

Igaunijas kūrorta un rehabilitācijas ārstēšanas asociācin
